{"id":1027,"date":"2011-10-05T19:47:41","date_gmt":"2011-10-05T19:47:41","guid":{"rendered":"http:\/\/www.ipfb.org.br\/ita\/?page_id=1027"},"modified":"2016-05-22T20:41:08","modified_gmt":"2016-05-22T23:41:08","slug":"gnv","status":"publish","type":"page","link":"http:\/\/www.ipfb.org.br\/ita\/gnv\/","title":{"rendered":"GVN"},"content":{"rendered":"<p><a href='http:\/\/www.ipfb.org.br\/ita\/wp-content\/uploads\/2011\/10\/GVN_Natal_2011.pdf'>Natal 2011 com participa\u00e7\u00e3o do Coral Jovem ITA em GVN<\/a><\/p>\n<p><a href=\"http:\/\/www.gvn.org.br\/\" title=\"GVN\">ONG Gera\u00e7\u00e3o Vida Nova (site)<\/a><br \/>\n<a href='http:\/\/www.ipfb.org.br\/ita\/wp-content\/uploads\/2011\/10\/GVN-48-slides-Por.pdf'>GVN apresenta\u00e7\u00e3o em portugu\u00eas<\/a><br \/>\n<a href='http:\/\/www.ipfb.org.br\/ita\/wp-content\/uploads\/2011\/10\/GNV-Folder-capa1.pdf'>GVN Folder capa<\/a><br \/>\n<a href='http:\/\/www.ipfb.org.br\/ita\/wp-content\/uploads\/2011\/10\/GNV-Folder-miolo1.pdf'>GVN Folder miolo<\/a><\/p>\n<p>Boa tarde \u00e0 todos !<\/p>\n<p>Estamos j\u00e1 na metade de nossa viajem para a R\u00fassia e Ucr\u00e2nia e tem sido muito bom ver o que Deus tem feito.<\/p>\n<p>A igreja aqui na R\u00fassia est\u00e1 muito atrasada e o pouco que temos feito tem representado bastante para eles. Isso nos deixa muito animados.<\/p>\n<p>Al\u00e9m do evangelismo atrav\u00e9s das cl\u00ednicas de futebol e dos jogos [ ver fotos em anexo ]  temos tido encontro regulares com a lideran\u00e7a das igrejas, tanto de pastores quanto dos respons\u00e1veis por miss\u00f5es, com o intuito de tra\u00e7armos estrat\u00e9gias de evangeliza\u00e7\u00e3o atrav\u00e9s do futebol.<\/p>\n<p>Portas tem sido abertas, principalmente com algumas prefeituras e autoridades locais, o que possibilita boas oportunidades para as igrejas locais adentrarem esferas at\u00e9 ent\u00e3o distantes para as mesmas.<\/p>\n<p>Vidas tem sido tocadas e o Evangelho tem sido proclamado neste pa\u00eds t\u00e3o distante de Deus.<\/p>\n<p>Daqui a 2 dias estaremos indo para a Ucr\u00e2nia por uma semana, dando continuidade ao trabalho.<\/p>\n<p>Segue o link contendo algumas fotos da viajem: <\/p>\n<p><a href=\"http:\/\/www.gvn.org.br\/galeriadefotos_detalhes.php?galeria=26\" target=\"_blank\">http:\/\/www.gvn.org.br\/galeriadefotos_detalhes.php?galeria=26<\/a>   <\/p>\n<p>Grande abra\u00e7o ,<\/p>\n<p>Guilherme Pinheiro Lima<br \/>\nONG Gera\u00e7\u00e3o Vida Nova<br \/>\ntel: 11 5531-3582 | cel: 7715-0125<br \/>\n&#8221; ONG GVN, investindo no desenvolvimento humano nas comunidades em vulnerabilidade social.&#8221;<\/p>\n","protected":false},"excerpt":{"rendered":"<p>Natal 2011 com participa\u00e7\u00e3o do Coral Jovem ITA em GVN ONG Gera\u00e7\u00e3o Vida Nova (site) GVN apresenta\u00e7\u00e3o em portugu\u00eas GVN Folder capa GVN Folder miolo Boa tarde \u00e0 todos ! Estamos j\u00e1 na metade de nossa viajem para a R\u00fassia &hellip; <a href=\"http:\/\/www.ipfb.org.br\/ita\/gnv\/\">Continue lendo <span class=\"meta-nav\">&rarr;<\/span><\/a><\/p>\n","protected":false},"author":3,"featured_media":0,"parent":0,"menu_order":0,"comment_status":"closed","ping_status":"open","template":"","meta":{"_et_pb_use_builder":"","_et_pb_old_content":"","_et_gb_content_width":"","footnotes":""},"class_list":["post-1027","page","type-page","status-publish","hentry"],"_links":{"self":[{"href":"http:\/\/www.ipfb.org.br\/ita\/wp-json\/wp\/v2\/pages\/1027","targetHints":{"allow":["GET"]}}],"collection":[{"href":"http:\/\/www.ipfb.org.br\/ita\/wp-json\/wp\/v2\/pages"}],"about":[{"href":"http:\/\/www.ipfb.org.br\/ita\/wp-json\/wp\/v2\/types\/page"}],"author":[{"embeddable":true,"href":"http:\/\/www.ipfb.org.br\/ita\/wp-json\/wp\/v2\/users\/3"}],"replies":[{"embeddable":true,"href":"http:\/\/www.ipfb.org.br\/ita\/wp-json\/wp\/v2\/comments?post=1027"}],"version-history":[{"count":25,"href":"http:\/\/www.ipfb.org.br\/ita\/wp-json\/wp\/v2\/pages\/1027\/revisions"}],"predecessor-version":[{"id":4934,"href":"http:\/\/www.ipfb.org.br\/ita\/wp-json\/wp\/v2\/pages\/1027\/revisions\/4934"}],"wp:attachment":[{"href":"http:\/\/www.ipfb.org.br\/ita\/wp-json\/wp\/v2\/media?parent=1027"}],"curies":[{"name":"wp","href":"https:\/\/api.w.org\/{rel}","templated":true}]}}

<p><a href='http://www.ipfb.org.br/ita/wp-content/uploads/2011/10/GVN_Natal_2011.pdf'>Natal 2011 com participação do Coral Jovem ITA em GVN</a></p>
<p><a href="http://www.gvn.org.br/" title="GVN">ONG Geração Vida Nova (site)</a><br />
<a href='http://www.ipfb.org.br/ita/wp-content/uploads/2011/10/GVN-48-slides-Por.pdf'>GVN apresentação em português</a><br />
<a href='http://www.ipfb.org.br/ita/wp-content/uploads/2011/10/GNV-Folder-capa1.pdf'>GVN Folder capa</a><br />
<a href='http://www.ipfb.org.br/ita/wp-content/uploads/2011/10/GNV-Folder-miolo1.pdf'>GVN Folder miolo</a></p>
<p>Boa tarde à todos !</p>
<p>Estamos já na metade de nossa viajem para a Rússia e Ucrânia e tem sido muito bom ver o que Deus tem feito.</p>
<p>A igreja aqui na Rússia está muito atrasada e o pouco que temos feito tem representado bastante para eles. Isso nos deixa muito animados.</p>
<p>Além do evangelismo através das clínicas de futebol e dos jogos [ ver fotos em anexo ]  temos tido encontro regulares com a liderança das igrejas, tanto de pastores quanto dos responsáveis por missões, com o intuito de traçarmos estratégias de evangelização através do futebol.</p>
<p>Portas tem sido abertas, principalmente com algumas prefeituras e autoridades locais, o que possibilita boas oportunidades para as igrejas locais adentrarem esferas até então distantes para as mesmas.</p>
<p>Vidas tem sido tocadas e o Evangelho tem sido proclamado neste país tão distante de Deus.</p>
<p>Daqui a 2 dias estaremos indo para a Ucrânia por uma semana, dando continuidade ao trabalho.</p>
<p>Segue o link contendo algumas fotos da viajem: </p>
<p><a href="http://www.gvn.org.br/galeriadefotos_detalhes.php?galeria=26" target="_blank">http://www.gvn.org.br/galeriadefotos_detalhes.php?galeria=26</a>   </p>
<p>Grande abraço ,</p>
<p>Guilherme Pinheiro Lima<br />
ONG Geração Vida Nova<br />
tel: 11 5531-3582 | cel: 7715-0125<br />
&#8221; ONG GVN, investindo no desenvolvimento humano nas comunidades em vulnerabilidade social.&#8221;</p>

<p>Natal 2011 com participação do Coral Jovem ITA em GVN ONG Geração Vida Nova (site) GVN apresentação em português GVN Folder capa GVN Folder miolo Boa tarde à todos ! Estamos já na metade de nossa viajem para a Rússia &hellip; <a href="http://www.ipfb.org.br/ita/gnv/">Continue lendo <span class="meta-nav">&rarr;</span></a></p>
