{"id":522,"date":"2011-09-29T18:04:26","date_gmt":"2011-09-29T18:04:26","guid":{"rendered":"http:\/\/www.ipfb.org.br\/ita\/?page_id=522"},"modified":"2016-05-22T20:41:25","modified_gmt":"2016-05-22T23:41:25","slug":"oriente-medio","status":"publish","type":"page","link":"http:\/\/www.ipfb.org.br\/ita\/oriente-medio\/","title":{"rendered":"Oriente M\u00e9dio"},"content":{"rendered":"<p><a href='http:\/\/www.ipfb.org.br\/ita\/wp-content\/uploads\/2011\/09\/28-04-11-Carta-Circ.Port_..pdf'>Carta Circular 28-04-11<\/a><\/p>\n<p><a href=\"http:\/\/www.ipfb.org.br\/ita\/wp-content\/uploads\/2011\/09\/CEF.jpg\"><img loading=\"lazy\" decoding=\"async\" src=\"http:\/\/www.ipfb.org.br\/ita\/wp-content\/uploads\/2011\/09\/CEF-300x148.jpg\" alt=\"\" title=\"CEF\" width=\"300\" height=\"148\" class=\"alignright size-medium wp-image-537\" srcset=\"http:\/\/www.ipfb.org.br\/ita\/wp-content\/uploads\/2011\/09\/CEF-300x148.jpg 300w, http:\/\/www.ipfb.org.br\/ita\/wp-content\/uploads\/2011\/09\/CEF-1024x505.jpg 1024w, http:\/\/www.ipfb.org.br\/ita\/wp-content\/uploads\/2011\/09\/CEF-500x247.jpg 500w, http:\/\/www.ipfb.org.br\/ita\/wp-content\/uploads\/2011\/09\/CEF.jpg 1190w\" sizes=\"(max-width: 300px) 100vw, 300px\" \/><\/a><br \/>\nRegional para Oriente M\u00e9dio<br \/>\nCaixa Postal 20.244<br \/>\nCEP 04035-970, S\u00e3o Paulo, SP, Brasil<br \/>\nTel\/FAX.: 55(11)3277-7626<br \/>\ne-mail: vconstantinidis@terra.com.br<\/p>\n<p>EQUIPANDO L\u00cdDERES \u00c1RABES PARA A<br \/>\nEVANGELIZA\u00c7\u00c3O DAS CRIAN\u00c7AS NO MUNDO \u00c1RABE &#8211; 3<\/p>\n<p>Amados Cooperadores,<\/p>\n<p>Certamente \u00e9 do conhecimento dos irm\u00e3os a b\u00ean\u00e7\u00e3o que tem sido os dois treinamentos para l\u00edderes de fala \u00e1rabe aqui no Brasil.<\/p>\n<p>O primeiro curso foi realizado em 2008 com 18 alunos e o segundo foi no ano passado 2010 com 16 alunos.<\/p>\n<p>O resultado destes dois cursos foram tremendos. Primeiro, a abertura do trabalho da APEC nos pa\u00edses do Iraque, S\u00edria, L\u00edbano, Egito, Emirados \u00c1rabes, L\u00edbia e Arg\u00e9lia Em segundo lugar, recebemos 23 novos obreiros e o trabalho da APEC j\u00e1 tem escrit\u00f3rios na S\u00edria, no Egito e, em breve, tamb\u00e9m no L\u00edbano.<\/p>\n<p>Imprimimos literatura em \u00e1rabe na Jord\u00e2nia, L\u00edbano, Egito e agora estamos imprimindo na S\u00edria, Arg\u00e9lia e Iraque. Hoje temos 3 obreiros no Iraque, 2 na Jord\u00e2nia, 3 na S\u00edria, 3 no L\u00edbano, 2 na Palestina, 1 no Sud\u00e3o, 2 nos Emirados \u00c1rabes, 2 no Egito, 1 na L\u00edbia e 4 na Arg\u00e9lia.<\/p>\n<p>Diante destes resultados e, depois de orar e consultar nossos l\u00edderes, decidimos ter o terceiro Instituto de Lideran\u00e7a de l\u00edngua \u00e1rabe aqui no Brasil. Ser\u00e1 nos dias 19 de agosto a 03 de novembro de 2012.<\/p>\n<p>Nosso alvo \u00e9 trazer alunos dos pa\u00edses que n\u00e3o tivemos alunos at\u00e9 agora e que gostar\u00edamos de ter representantes: Marrocos, Tun\u00edsia, Qatar e Om\u00e3 assim como da L\u00edbia, Egito e Jord\u00e2nia para fortalecer o trabalho nestes pa\u00edses. Ao todo seriam 16 a 18 alunos.<\/p>\n<p>Treinar nacionais \u00e9 a maneira mais eficaz de ter obreiros permanentes nos pa\u00edses de fala \u00e1rabe do Oriente M\u00e9dio.<\/p>\n<p>Cada aluno vai custar o total de R$ 6.000,00 entre passagem, estadia e todo o material do curso. J\u00e1 temos promessa de duas Igrejas e uma fam\u00edlia decididos a adotarem, cada um, um aluno.<\/p>\n<p>Sua Igreja, fam\u00edlia ou empresa pode se envolver no mais eficaz investimento para a evangeliza\u00e7\u00e3o das crian\u00e7as nestes pa\u00edses e podem parcelar desde agora at\u00e9 outubro do pr\u00f3ximo ano.<\/p>\n<p>Qualquer oferta para este projeto dever\u00e1 ser depositada no Banco Bradesco, Ag\u00eancia 548-7 conta n\u00famero 86290-8 em nome da Alian\u00e7a Pr\u00f3 Evangeliza\u00e7\u00e3o das Crian\u00e7as. Todo dep\u00f3sito deve ser informado a n\u00f3s para que possamos enviar o respectivo recibo e o candidato que receber a ajuda ser\u00e1 avisado para agradecer.<\/p>\n<p>Se a bolsa for completa, gostar\u00edamos que o ofertante estivesse presente no s\u00e1bado dia 03 de novembro de 2012 por ocasi\u00e3o da formatura para entregar o certificado ao aluno.<\/p>\n<p>Sei que mais uma vez podemos contar com os irm\u00e3os.<\/p>\n<p>No amor de Cristo,<\/p>\n<p>Vassilios Constantinidis<br \/>\nDiretor Regional Interino para o Oriente M\u00e9dio<\/p>\n","protected":false},"excerpt":{"rendered":"<p>Carta Circular 28-04-11 Regional para Oriente M\u00e9dio Caixa Postal 20.244 CEP 04035-970, S\u00e3o Paulo, SP, Brasil Tel\/FAX.: 55(11)3277-7626 e-mail: vconstantinidis@terra.com.br EQUIPANDO L\u00cdDERES \u00c1RABES PARA A EVANGELIZA\u00c7\u00c3O DAS CRIAN\u00c7AS NO MUNDO \u00c1RABE &#8211; 3 Amados Cooperadores, Certamente \u00e9 do conhecimento dos &hellip; <a href=\"http:\/\/www.ipfb.org.br\/ita\/oriente-medio\/\">Continue lendo <span class=\"meta-nav\">&rarr;<\/span><\/a><\/p>\n","protected":false},"author":3,"featured_media":0,"parent":0,"menu_order":0,"comment_status":"closed","ping_status":"open","template":"","meta":{"_et_pb_use_builder":"","_et_pb_old_content":"","_et_gb_content_width":"","footnotes":""},"class_list":["post-522","page","type-page","status-publish","hentry"],"_links":{"self":[{"href":"http:\/\/www.ipfb.org.br\/ita\/wp-json\/wp\/v2\/pages\/522","targetHints":{"allow":["GET"]}}],"collection":[{"href":"http:\/\/www.ipfb.org.br\/ita\/wp-json\/wp\/v2\/pages"}],"about":[{"href":"http:\/\/www.ipfb.org.br\/ita\/wp-json\/wp\/v2\/types\/page"}],"author":[{"embeddable":true,"href":"http:\/\/www.ipfb.org.br\/ita\/wp-json\/wp\/v2\/users\/3"}],"replies":[{"embeddable":true,"href":"http:\/\/www.ipfb.org.br\/ita\/wp-json\/wp\/v2\/comments?post=522"}],"version-history":[{"count":21,"href":"http:\/\/www.ipfb.org.br\/ita\/wp-json\/wp\/v2\/pages\/522\/revisions"}],"predecessor-version":[{"id":4912,"href":"http:\/\/www.ipfb.org.br\/ita\/wp-json\/wp\/v2\/pages\/522\/revisions\/4912"}],"wp:attachment":[{"href":"http:\/\/www.ipfb.org.br\/ita\/wp-json\/wp\/v2\/media?parent=522"}],"curies":[{"name":"wp","href":"https:\/\/api.w.org\/{rel}","templated":true}]}}

Oriente Médio

<p><a href='http://www.ipfb.org.br/ita/wp-content/uploads/2011/09/28-04-11-Carta-Circ.Port_..pdf'>Carta Circular 28-04-11</a></p>
<p><a href="http://www.ipfb.org.br/ita/wp-content/uploads/2011/09/CEF.jpg"><img loading="lazy" decoding="async" src="http://www.ipfb.org.br/ita/wp-content/uploads/2011/09/CEF-300x148.jpg" alt="" title="CEF" width="300" height="148" class="alignright size-medium wp-image-537" srcset="http://www.ipfb.org.br/ita/wp-content/uploads/2011/09/CEF-300x148.jpg 300w, http://www.ipfb.org.br/ita/wp-content/uploads/2011/09/CEF-1024x505.jpg 1024w, http://www.ipfb.org.br/ita/wp-content/uploads/2011/09/CEF-500x247.jpg 500w, http://www.ipfb.org.br/ita/wp-content/uploads/2011/09/CEF.jpg 1190w" sizes="(max-width: 300px) 100vw, 300px" /></a><br />
Regional para Oriente Médio<br />
Caixa Postal 20.244<br />
CEP 04035-970, São Paulo, SP, Brasil<br />
Tel/FAX.: 55(11)3277-7626<br />
e-mail: vconstantinidis@terra.com.br</p>
<p>EQUIPANDO LÍDERES ÁRABES PARA A<br />
EVANGELIZAÇÃO DAS CRIANÇAS NO MUNDO ÁRABE &#8211; 3</p>
<p>Amados Cooperadores,</p>
<p>Certamente é do conhecimento dos irmãos a bênção que tem sido os dois treinamentos para líderes de fala árabe aqui no Brasil.</p>
<p>O primeiro curso foi realizado em 2008 com 18 alunos e o segundo foi no ano passado 2010 com 16 alunos.</p>
<p>O resultado destes dois cursos foram tremendos. Primeiro, a abertura do trabalho da APEC nos países do Iraque, Síria, Líbano, Egito, Emirados Árabes, Líbia e Argélia Em segundo lugar, recebemos 23 novos obreiros e o trabalho da APEC já tem escritórios na Síria, no Egito e, em breve, também no Líbano.</p>
<p>Imprimimos literatura em árabe na Jordânia, Líbano, Egito e agora estamos imprimindo na Síria, Argélia e Iraque. Hoje temos 3 obreiros no Iraque, 2 na Jordânia, 3 na Síria, 3 no Líbano, 2 na Palestina, 1 no Sudão, 2 nos Emirados Árabes, 2 no Egito, 1 na Líbia e 4 na Argélia.</p>
<p>Diante destes resultados e, depois de orar e consultar nossos líderes, decidimos ter o terceiro Instituto de Liderança de língua árabe aqui no Brasil. Será nos dias 19 de agosto a 03 de novembro de 2012.</p>
<p>Nosso alvo é trazer alunos dos países que não tivemos alunos até agora e que gostaríamos de ter representantes: Marrocos, Tunísia, Qatar e Omã assim como da Líbia, Egito e Jordânia para fortalecer o trabalho nestes países. Ao todo seriam 16 a 18 alunos.</p>
<p>Treinar nacionais é a maneira mais eficaz de ter obreiros permanentes nos países de fala árabe do Oriente Médio.</p>
<p>Cada aluno vai custar o total de R$ 6.000,00 entre passagem, estadia e todo o material do curso. Já temos promessa de duas Igrejas e uma família decididos a adotarem, cada um, um aluno.</p>
<p>Sua Igreja, família ou empresa pode se envolver no mais eficaz investimento para a evangelização das crianças nestes países e podem parcelar desde agora até outubro do próximo ano.</p>
<p>Qualquer oferta para este projeto deverá ser depositada no Banco Bradesco, Agência 548-7 conta número 86290-8 em nome da Aliança Pró Evangelização das Crianças. Todo depósito deve ser informado a nós para que possamos enviar o respectivo recibo e o candidato que receber a ajuda será avisado para agradecer.</p>
<p>Se a bolsa for completa, gostaríamos que o ofertante estivesse presente no sábado dia 03 de novembro de 2012 por ocasião da formatura para entregar o certificado ao aluno.</p>
<p>Sei que mais uma vez podemos contar com os irmãos.</p>
<p>No amor de Cristo,</p>
<p>Vassilios Constantinidis<br />
Diretor Regional Interino para o Oriente Médio</p>

<p>Carta Circular 28-04-11 Regional para Oriente Médio Caixa Postal 20.244 CEP 04035-970, São Paulo, SP, Brasil Tel/FAX.: 55(11)3277-7626 e-mail: vconstantinidis@terra.com.br EQUIPANDO LÍDERES ÁRABES PARA A EVANGELIZAÇÃO DAS CRIANÇAS NO MUNDO ÁRABE &#8211; 3 Amados Cooperadores, Certamente é do conhecimento dos &hellip; <a href="http://www.ipfb.org.br/ita/oriente-medio/">Continue lendo <span class="meta-nav">&rarr;</span></a></p>
